Let z = -159 - h. Calculate the greatest common factor of z and 182.
14
Suppose 35*v - 33*v = 4. Let i be (18/15)/((-69)/(-30) - v). Suppose -3*l + i*l = 33. Calculate the highest common factor of l and 33.
33
Let f = 324 + -914. Let l = f - -593. Suppose -a = 3*x - 65 - 15, -3*x = -3*a - 84. Calculate the highest common factor of l and x.
3
Let u = 322345 + -322327. Let c = -139 + 211. Suppose -4*r = -2*r - c. What is the greatest common divisor of r and u?
18
Suppose -27 = -4*o - i, -3*o + i + 9 = 4*i. Suppose -o*j = -2*j - 30. Calculate the highest common factor of 135 and j.
5
Suppose 17946 = 3*z - 524*s + 528*s, z - 5980 = -2*s. What is the greatest common divisor of 876 and z?
146
Suppose -10*g - 33*g + 509250 = 82*g. Calculate the highest common divisor of g and 388.
194
Suppose 2*u - 5*b - 9 = 19, b - 8 = -3*u. Suppose 0 = -u*i - q + 7, 0 = -2*q - 5 + 11. Calculate the greatest common factor of i and 2.
1
Suppose 495 = 3*f - 3*k, 9*k - 8*k + 333 = 2*f. What is the highest common divisor of f and 4746?
42
Suppose 1767 = 7*u - 40 - 20369. What is the highest common divisor of 384 and u?
96
Suppose 29 + 47 = -q + 80. Let i be -1 + 1 + (-12)/(-3). What is the greatest common factor of i and q?
4
Let k(p) = -2*p - 22. Let n be (28 - -1)*-1 + 3. Let v be k(n). Calculate the highest common factor of 12 and v.
6
Suppose h - 6*h + 25 = 0. Suppose -98 + 38 = -h*c. Let a(f) = f**3 + 13*f**2 + 25*f + 564. Let z be a(-14). Calculate the highest common factor of z and c.
6
Suppose 28*z - 200 = 24*z. Suppose 5*i = -2*f + 352, -5*f + 2 + z = i. Calculate the highest common divisor of 54 and i.
18
Let i(b) = 84*b - 439. Let o be i(35). Calculate the greatest common factor of 61 and o.
61
Let t(i) = -2*i**3 + 15*i**2 + 5*i. Let y be t(7). Suppose 4*f - 5*f = -y. Suppose -11*r + 356 = -f. Calculate the greatest common divisor of 280 and r.
40
Let m be (-1)/(-3) - (-588)/18. Let h(c) = 4*c**2 - 22*c - 201. Let u be h(-8). Calculate the greatest common factor of u and m.
33
Suppose 10685*r = 10706*r - 51156. What is the highest common factor of r and 294?
42
Suppose 0 = 13*f - 325 - 1859. Calculate the highest common divisor of 96 and f.
24
Suppose 2*b = -0*b - 3*d + 1355, 0 = 3*b + 4*d - 2034. What is the greatest common divisor of b and 124?
62
Let b(g) = -5*g**2 - 3. Let a(f) = -10*f**2 - f - 7. Let c(y) = 3*a(y) - 7*b(y). Let v be c(-2). What is the greatest common factor of 338 and v?
26
Let a = 56 - 102. Let i be -2 + (-20 - -17) + 7/(-1). Let u = i - a. Calculate the highest common factor of u and 85.
17
Let c be (-21)/9 - (-266156)/276. Calculate the greatest common factor of 370 and c.
74
Let m be (0 - (0 + -1))*1. Let o be (10*(-3)/2)/(30/(-50)). What is the highest common factor of o and m?
1
Suppose d - 2*i - 698 = 0, 27*i - 2812 = -4*d + 25*i. Let m = 804 - d. Calculate the greatest common factor of m and 918.
102
Suppose -5720 = -q - 3*q - 4*a, 5*q - 7176 = 8*a. Calculate the greatest common factor of 8 and q.
8
Suppose -b = -3*v + 1063, 4*b - 1569 = -4*v - 157. What is the highest common factor of 944 and v?
118
Let l be 10/15 - 64*(-10)/30. Let i = 9 + -4. Let k = i + 6. What is the highest common divisor of l and k?
11
Let u(a) = -a**3 + 4*a**2. Let s be u(3). Suppose 0 = -3*d + 284 + 217. Suppose -s*c = -283 - d. Calculate the highest common divisor of c and 20.
10
Let b be (-796)/(-11) - (-24)/(-66). Calculate the greatest common divisor of 1704 and b.
24
Suppose t - 37699 = -5*w, 0*w - t = -5*w + 37691. Calculate the highest common factor of w and 21.
21
Suppose 14*p = 19*p + 25. Let t be (-13)/p + -2 + (-22)/(-5). Let q be (2 - 3)*-1*2*t. What is the greatest common divisor of 6 and q?
2
Let g = 10143 + -10050. What is the greatest common divisor of 992 and g?
31
Let x be 0 + ((-92)/(-12) - 2)*-39. Let d = x - -263. Let u(g) = g**3 - 16*g**2 + 16*g - 13. Let b be u(15). What is the greatest common factor of d and b?
2
Let y be 1305 - 30/5*-6*10/(-72). What is the highest common factor of 450 and y?
50
Let z(q) = -2*q**2 + 21*q - 11. Let w be z(8). Let m = w - 31. Let s be ((-264)/10)/(m - (-84)/45). What is the greatest common divisor of s and 22?
22
Let u = -6 + 102. Let a(y) = -8*y**3 - 72*y**2 - 103*y - 56. Let v be a(-8). What is the greatest common factor of v and u?
32
Let v be (15/10)/(-1 - (-6)/8). Let a be ((-23)/2)/((v + 2)/(-256)). Let b be a/(-16) + 1*(-1 + 0). Calculate the highest common divisor of 315 and b.
45
Let o(l) = -7*l + 59. Let n be o(5). Suppose 491 = n*z - 109. Calculate the highest common divisor of z and 200.
25
Let j(c) = -c**2 - 4*c + 22. Let b be 14*5/((-210)/12). Let z be j(b). What is the greatest common divisor of z and 638?
22
Let o(n) = n - 24. Let i be o(28). Suppose 40 = 4*b + 5*x, 10*b + i*x - 26 = 8*b. What is the highest common factor of b and 5?
5
Suppose -5*d + 9*y - 1 = 10*y, 3*y = 5*d + 17. Let m be -16*(d - (4 + 45)). What is the greatest common factor of m and 64?
32
Let a = -11451 - -11764. What is the greatest common divisor of 4695 and a?
313
Suppose 36 = -17*t + 168 + 208. What is the greatest common factor of 552 and t?
4
Let z be 3 - -7 - (-35)/(-5). Let o be z*(3 + 105/9). Calculate the greatest common factor of 924 and o.
44
Suppose -9*r - 648 = -4*k - 5*r, 5*k + 3*r = 762. Calculate the greatest common divisor of k and 1833.
39
Let s be 420/200*5*(-12)/(-7). Suppose -209 = -6*j - 29. Calculate the highest common divisor of j and s.
6
Let v(c) = -3*c - 4. Let n = 84 + 14. Let x = 94 - n. Let d be v(x). What is the greatest common divisor of 64 and d?
8
Let s = -167 + 170. Suppose -3*g + 7 = -5*m + 6, -s*m = -3. What is the highest common factor of 2 and g?
2
Let z be 148/(-259) - 4/(-7). Suppose -2*n + 82 = b, b + 5*n + 1 - 98 = z. What is the highest common divisor of b and 54?
18
Let c = -19 + 25. What is the greatest common factor of 402 and c?
6
Suppose -68 = 4940*h - 4926*h - 208. Calculate the greatest common factor of 250 and h.
10
Let k = 4073 + -3929. What is the highest common factor of 276 and k?
12
Let j = 202 + -199. Suppose 394 = j*k + 2*m, 271 = 2*k + 2*m + m. What is the highest common divisor of k and 8?
8
Let f = -86 - -152. Let t(b) = 75 - 29 + b + 2*b + 79. Let p be t(-27). Calculate the greatest common factor of p and f.
22
Let m be 32*(-8 - (30 - 39)). Suppose 2*f = 4*f + 4, -4*z + f + 10 = 0. Let x be 2*(-1 + z + 1). Calculate the highest common factor of m and x.
4
Let k be (-24)/(-4)*(-2)/4*-44. Calculate the greatest common factor of k and 276.
12
Let z be ((840/16)/7)/(6/16). Let p(c) = c**3 - 21*c**2 + 20*c + 11. Let y be p(z). What is the greatest common factor of 165 and y?
11
Suppose -c = -6 - 2. Let z be (3/(-6))/(1/(-10)*1). Suppose -4*w + 66 = -h, 0*w = z*w - 3*h - 86. What is the highest common divisor of c and w?
8
Let b be 2/6 - (-6)/(-90)*-57865. What is the highest common factor of b and 6?
6
Let x = 36 + 67. Suppose 4*y + 2*u + 274 = 0, 4*u + 80 = -3*y - 128. Let s = y + x. What is the highest common factor of 175 and s?
35
Suppose -4098 = -5879*k + 5870*k + 3*m, -4*k = -3*m - 1798. Suppose -3*l + 86 = l - 3*f, -4*f - 28 = -l. Calculate the greatest common factor of k and l.
20
Suppose 781 = 2*u - 12347. What is the greatest common divisor of 12 and u?
12
Suppose i = -5*t + 53, 5*t - 41 - 50 = -2*i. Suppose 3*m - i = -14. Let u be (6/m)/((-16)/(-192)). What is the highest common divisor of u and 9?
9
Let a = 257 + -173. Let u = a + -45. What is the greatest common divisor of 52 and u?
13
Suppose -636 - 1953 = -3*i + 3*v, -4*v = 2*i - 1708. Calculate the greatest common factor of i and 10492.
172
Suppose -3*j - 5*f = -2*j + 10, j = 2*f + 11. Suppose -j*a + 4*a + 17 = 0. Suppose a*n + 324 = 20*n. Calculate the greatest common divisor of 27 and n.
27
Let n be 9/4*212/159. Let k be (-3768)/(-21) + 6 - n/7. Calculate the highest common factor of 37 and k.
37
Let n be (0 - 105/(-6))*(588/30 + -16). What is the greatest common divisor of n and 225?
9
Let z be (-7476)/(-267) + 3*1. Calculate the highest common divisor of z and 1519.
31
Let a = -25 + 27. Suppose -1197 = -a*d - 7*d. What is the highest common factor of d and 19?
19
Suppose -44*t + 4776 = -81860. What is the highest common divisor of t and 11?
11
Suppose 0 = -8*w - 32 + 512. Suppos